9. Calculate the highest common divisor of 149 and b.
1
Let m = -1083 + 1968. What is the highest common divisor of m and 15?
15
Let m(i) = i**2 + 10*i - 32. Let j be m(-16). Let k be 52/117*(89 + 1). What is the greatest common divisor of k and j?
8
Suppose -27*u - 12*u + 5460 = 0. Let d = 177 - u. Calculate the greatest common factor of 296 and d.
37
Suppose -v = 4*p - 1736, -13*v = 4*p - 15*v - 1748. Calculate the greatest common factor of p and 165.
15
Let q(m) = -m**2 - 47*m - 140. Suppose -3*r - 126 = 4*s, 12*s - r = 13*s + 32. Let j be q(s). Calculate the greatest common divisor of j and 111.
37
Suppose 2*z = 0, -4*s - z - 11 = -79. Let v = s + -13. Suppose -3*n - v = -16. Calculate the greatest common divisor of n and 12.
4
Let b(p) = -p**3 + 21*p**2 + 22*p + 25. Let f be b(22). Let o be 38 + -2*(4 - 5). Suppose 0 = 8*i - 4*i - o. What is the highest common factor of f and i?
5
Let c = 75 - 77. Let v be ((-2)/c)/1*4*4. Suppose v = 2*d - 114. Calculate the highest common divisor of 26 and d.
13
Let v(r) = 2*r**2 + 36*r + 36. Let x(c) = -3*c**2 + 7*c + 22. Let p be x(5). Let z be v(p). What is the greatest common divisor of 45 and z?
9
Suppose 22705 = 9604*k - 9585*k. Calculate the greatest common divisor of k and 25.
5
Suppose -4*o + 29 + 83 = 0. Suppose 3*w = -4*t + 12, -4*t + 5*t = -3*w + 3. Suppose w = 8*y - 118 - 1674. Calculate the highest common factor of y and o.
28
Let t(j) = -379*j - 4291. Let m be t(-104). What is the highest common factor of 125 and m?
125
Let o = 7733 - 7223. Calculate the greatest common factor of 750 and o.
30
Let t be 162/9*1000/30. What is the highest common divisor of 96 and t?
24
Suppose 4*c + 3*r - 2*r + 755 = 0, -375 = 2*c + r. Let x = c + 241. What is the highest common divisor of 6 and x?
3
Suppose -4*m = -5*h + 188, 17*h - 523 = 94*m - 97*m. What is the greatest common divisor of h and 12?
4
Let q be -277 - (-3 - -4 - 4). Let j = q - -117. Let k = -69 - j. Calculate the greatest common divisor of k and 11.
11
Let g = -48 - -74. Let p = 89598 - 89156. Calculate the highest common divisor of p and g.
26
Let f be (-30)/(-70) + (6/105)/(4/3400). What is the highest common divisor of 4 and f?
1
Let g(v) = -v**3 + 6*v**2 - 3*v + 4. Let a be g(5). Suppose u + 812 = 882. What is the greatest common divisor of u and a?
14
Let j = 13266 + -10034. Calculate the greatest common factor of 128 and j.
32
Let p = -940 + 1912. What is the greatest common factor of p and 12?
12
Suppose 2*c - 34 = -26. Suppose 120 = 8*g - c*g. Let p = g + 11. What is the highest common factor of 287 and p?
41
Let r = 468 - 519. Let b(t) = t**2 - 14*t + 3. Let d be b(10). Let o = d - r. What is the highest common factor of o and 224?
14
Suppose 3*f - 666 - 966 = 0. Let u = -42 + 59. What is the greatest common factor of u and f?
17
Suppose -3188*p - 30024 = -3200*p. Calculate the highest common divisor of 36 and p.
18
Let j be 5 + 4/((-12)/(-255)). Let m = -282 + 426. What is the greatest common factor of m and j?
18
Let t(s) = s - 5. Let u be t(10). Suppose 30 + 0 = u*x. Let n(w) = -7*w + 58. Let j be n(x). Calculate the highest common factor of 112 and j.
16
Let l(k) = 4*k**3 - 85*k**2 + 121*k - 86. Let v be l(22). What is the highest common factor of 424 and v?
212
Let x = 182 - -104. Let h = 17 + 35. Suppose -23*s + 21*s + h = 0. What is the highest common divisor of x and s?
26
Suppose 9 + 31 = 4*o. Suppose 0 = 388*u - 389*u + 3. Suppose 3*j = 4*n + 4, -u*n + 4*j + 0*j = 10. Calculate the greatest common factor of n and o.
2
Let x be (-17 - 1)*((-684)/27)/(-4). Let u = -48 - x. What is the greatest common factor of 22 and u?
22
Let f be (-16)/22*1683/(-18). Let x = -101 - -271. What is the highest common factor of x and f?
34
Suppose -2*n = -0*n - 250. Let b(c) = -4*c**2 + 84*c - 382. Let q be b(12). What is the greatest common divisor of n and q?
25
Let v(f) = f**2 - 7*f - 6. Let p be v(5). Let t be 16/1*p/(-2). Suppose -148*l + 143*l + 80 = 0. Calculate the greatest common divisor of t and l.
16
Let j(t) = -t**3 + 6*t**2 - 8*t + 9. Let v be j(4). Suppose 10*w = 9*w - v. Let n be (3 + (-5)/3)/((-12)/w). What is the greatest common factor of 13 and n?
1
Let h = 4450 - 3582. Calculate the greatest common divisor of 112 and h.
28
Let w be 30*(8 - -2)*(304/30 + -10). What is the greatest common factor of 25 and w?
5
Let c be ((5/20)/1)/(7/5824). What is the highest common divisor of 10036 and c?
52
Let s(w) = -5*w + 37. Let m be 4/((-12)/2*18/(-162)). Let y be s(m). Calculate the greatest common factor of 112 and y.
7
Suppose 5*t + 4*k - 21 = 0, 0*t + 23 = 4*t - 3*k. Suppose 9*i - t*i = -8, -4*c - i + 878 = 0. What is the highest common factor of c and 100?
20
Let w(p) = p**3 + 33*p**2 - 58*p - 736. Let u be w(-34). Calculate the highest common factor of u and 30.
10
Let n = -20 - -40. Let y be (6/n*8)/((-24)/80). Let j be (((-64)/(-10))/y)/(2/(-15)). What is the highest common divisor of 2 and j?
2
Let i(p) = 2*p**2 - 2*p - 7. Let f be i(-6). Let a(s) = -s**3 - 81*s**2 + 37*s + 3690. Let w be a(-81). Calculate the highest common divisor of w and f.
77
Suppose l = -9*i + 71, -35*i = 4*l - 31*i - 124. Calculate the greatest common factor of l and 1755.
13
Suppose -31491 + 12339 = -42*f. What is the greatest common divisor of 360 and f?
24
Suppose 33 + 32 = 13*x. Suppose -4*r + 20 = -x*d, 2*r + 2*d - 58 = -3*r. Let p be ((-8)/r)/(5*(-4)/750). What is the greatest common factor of p and 10?
10
Let t be ((-3)/((-30)/(-32)))/(34/(-1275) - 0). What is the greatest common factor of 10680 and t?
120
Let n(i) = -8*i**3 - 7*i**2 - 14*i + 6. Suppose 0 = -k - 5*c + 5 - 19, -4*c = 5*k + 28. Let d be n(k). Calculate the greatest common factor of d and 33.
33
Let h = 14086 + -13654. What is the greatest common divisor of h and 11016?
216
Let w = -7679 + 8086. What is the highest common divisor of w and 777?
37
Suppose 0 = -0*v + 5*v - 1625. Suppose 744*b - 2*f + 152 = 747*b, -153 = -3*b - 3*f. What is the highest common factor of b and v?
25
Let w(c) = -10*c - 30. Let h be w(9). Let d be ((-2)/(-3) + 0)/((-8)/h). Suppose -12*g + 128 = -d*g. What is the greatest common divisor of 16 and g?
16
Let h be 0 + (53 - 1) + -79 + 83. Suppose 2*o + 0 = 3*y - 4, -o = 3*y - 16. Suppose -441 - 119 = -y*g. What is the greatest common factor of h and g?
28
Let k(c) = 4*c**3 - 31*c**2 - 22*c + 25. Let h be k(9). Calculate the greatest common factor of h and 522.
58
Let d be 324 + (12 + -8)*(3 + -2). Calculate the highest common factor of d and 8.
8
Let d(n) = 2*n**3 - 38*n**2 - 35*n - 96. Let p be d(20). Let q = 8 + 4. Calculate the highest common divisor of p and q.
4
Let z(f) = -6*f**2 - 31*f - 22. Let d be z(-4). Calculate the highest common divisor of 2 and d.
2
Suppose 3*c - 140 = -56. Let m(j) = -j**3 + 19*j**2 + 26*j + 1. Let y be m(20). Suppose 13*a = -y + 3397. What is the highest common divisor of c and a?
28
Let n(v) = 198*v**3 - 5*v**2 + 5*v - 2. Let r be n(1). Let c(t) = 17*t + 44. Let y be c(4). What is the highest common divisor of r and y?
28
Let z(b) = 22 - 6 + 40*b + 57*b - 60*b. Let u be z(-3). Let a = -67 - u. What is the highest common divisor of 21 and a?
7
Let a be 2/23 - 762320/(-1495). Let t = 550 - a. What is the highest common factor of t and 380?
20
Suppose -55310 = -9*n - 20912. What is the highest common factor of n and 378?
42
Suppose 2*t = -4*k + 30864, 3*k = t - 1531 - 13921. Calculate the greatest common factor of t and 579.
193
Let t = -311 + 320. Suppose -j - 5*s + 36 = -t*s, 5*j + 3*s = 180. Calculate the greatest common factor of j and 54.
18
Let i(l) = l**3 - 8*l**2 - 137*l + 1244. Let r be i(9). Calculate the highest common divisor of r and 154.
2
Let z = 4821 - 1142. What is the highest common divisor of z and 26?
13
Suppose 567 = 65*b - 733. Calculate the greatest common factor of b and 10750.
10
Suppose 121 = 4*h + 5*w, -39 - 20 = -2*h - w. Let p be (-9)/((-189)/(-28))*-309. Suppose p = 8*l - 516. Calculate the highest common divisor of l and h.
29
Suppose 2*v + 1025*t - 1028*t = 602, 3*t = -2*v + 566. What is the greatest common factor of v and 803?
73
Let c(w) = w**2 - 18*w + 14. Let f be c(18). Let y be f/(-2) + 6 + 15. What is the greatest common factor of y and 448?
14
Let t(r) = r**2 - r + 3. Let v be t(0). L